{"id":6987,"date":"2025-12-20T20:39:54","date_gmt":"2025-12-20T23:39:54","guid":{"rendered":"https:\/\/www.multipaq.com.ar\/producto\/simplea1233resmita-abr-laser-bond-70gr-blanco-x-500-hojas101papel12020\/"},"modified":"2026-04-04T20:29:07","modified_gmt":"2026-04-04T23:29:07","slug":"simplea1233resmita-abr-laser-bond-70gr-blanco-x-500-hojas101papel12020","status":"publish","type":"product","link":"https:\/\/www.multipaq.com.ar\/?product=simplea1233resmita-abr-laser-bond-70gr-blanco-x-500-hojas101papel12020","title":{"rendered":"RESMA LASER BOND 70GR BLANCO X500 HOJAS"},"content":{"rendered":"<p data-start=\"403\" data-end=\"651\">Resma de papel blanco tipo Laser Bond, de 70 gramos, pensada para un uso vers\u00e1til en oficinas, comercios, escuelas y hogares. Brinda una impresi\u00f3n limpia y uniforme, compatible con impresoras l\u00e1ser, inkjet y fotocopiadoras.<br \/>\nEs ideal para documentos, trabajos, facturaci\u00f3n y todo tipo de impresiones cotidianas.<br \/>\nTama\u00f1o: A4<br \/>\nGramaje: 70 gr<br \/>\nColor: Blanco<br \/>\nResma 500 hojas<br \/>\nApta para l\u00e1ser, inkjet y fotocopias<\/p>\n<p data-start=\"403\" data-end=\"651\">Tenes dudas? Click en el Whatsapp de la p\u00e1gina, y respondemos en cuanto antes.<\/p>\n","protected":false},"excerpt":{"rendered":"<p data-start=\"280\" data-end=\"401\">Papel blanco de alta calidad para impresiones l\u00e1ser, inkjet y fotocopias. Ideal para uso diario.<\/p>\n<p data-start=\"403\" data-end=\"651\">Al recibir tu pedido, verific\u00e1 que el embalaje est\u00e9 en condiciones. Si ves el paquete muy golpeado, dejanos una nota en el remito del correo antes de firmar.<\/p>\n","protected":false},"featured_media":7606,"template":"","meta":{"solace_meta_sidebar":"","solace_meta_container":"","solace_meta_enable_content_width":"off","solace_meta_content_width":100,"solace_meta_title_alignment":"","solace_meta_author_avatar":"","solace_post_elements_order":"","solace_meta_disable_header":"","solace_meta_disable_footer":"","solace_meta_disable_title":""},"product_brand":[],"product_cat":[67],"product_tag":[83,85,145],"class_list":{"0":"post-6987","1":"product","2":"type-product","3":"status-publish","4":"has-post-thumbnail","6":"product_cat-libreria","7":"product_tag-libreria","8":"product_tag-multipaq","9":"product_tag-papeldeimpresion","11":"first","12":"instock","13":"shipping-taxable","14":"purchasable","15":"product-type-simple"},"_links":{"self":[{"href":"https:\/\/www.multipaq.com.ar\/index.php?rest_route=\/wp\/v2\/product\/6987","targetHints":{"allow":["GET"]}}],"collection":[{"href":"https:\/\/www.multipaq.com.ar\/index.php?rest_route=\/wp\/v2\/product"}],"about":[{"href":"https:\/\/www.multipaq.com.ar\/index.php?rest_route=\/wp\/v2\/types\/product"}],"version-history":[{"count":0,"href":"https:\/\/www.multipaq.com.ar\/index.php?rest_route=\/wp\/v2\/product\/6987\/revisions"}],"wp:featuredmedia":[{"embeddable":true,"href":"https:\/\/www.multipaq.com.ar\/index.php?rest_route=\/wp\/v2\/media\/7606"}],"wp:attachment":[{"href":"https:\/\/www.multipaq.com.ar\/index.php?rest_route=%2Fwp%2Fv2%2Fmedia&parent=6987"}],"wp:term":[{"taxonomy":"product_brand","embeddable":true,"href":"https:\/\/www.multipaq.com.ar\/index.php?rest_route=%2Fwp%2Fv2%2Fproduct_brand&post=6987"},{"taxonomy":"product_cat","embeddable":true,"href":"https:\/\/www.multipaq.com.ar\/index.php?rest_route=%2Fwp%2Fv2%2Fproduct_cat&post=6987"},{"taxonomy":"product_tag","embeddable":true,"href":"https:\/\/www.multipaq.com.ar\/index.php?rest_route=%2Fwp%2Fv2%2Fproduct_tag&post=6987"}],"curies":[{"name":"wp","href":"https:\/\/api.w.org\/{rel}","templated":true}]}}