{"id":6964,"date":"2025-12-20T20:39:45","date_gmt":"2025-12-20T23:39:45","guid":{"rendered":"https:\/\/www.multipaq.com.ar\/producto\/simplea1173b-01919-caja-1-2-kg-bombon-negro-base-y-tapa-20x14x5101bombones2725\/"},"modified":"2026-04-11T19:52:34","modified_gmt":"2026-04-11T22:52:34","slug":"caja-rectangular-blanca-base-y-tapa-20x14x5","status":"publish","type":"product","link":"https:\/\/www.multipaq.com.ar\/?product=caja-rectangular-blanca-base-y-tapa-20x14x5","title":{"rendered":"CAJA RECTANGULAR BLANCA BASE Y TAPA"},"content":{"rendered":"<p>Caja de base y tapa multiuso. 1\/2 kg de bombones cabe perfectamente, pero puede llevarse para ropa de beb\u00e9, para alfajores, para un regalo especial &#8230;.<br \/>\nSu dise\u00f1o cl\u00e1sico y tradicional permite m\u00faltiples combinaciones. Oh lala la imaginaci\u00f3n!!!<\/p>\n<p>Tenes dudas? Click en el WhatsApp de la p\u00e1gina, y respondemos en cuanto antes.<\/p>\n","protected":false},"excerpt":{"rendered":"<p>CAJA RECTANGULAR BLANCA BASE Y TAPA<br \/>\nMedidas 20x14x5. Cl\u00e1sica y Tradicional.<\/p>\n<p>Al recibir tu pedido, verific\u00e1 que el embalaje est\u00e9 en condiciones. Si ves el paquete muy golpeado, dejanos una nota en el remito del correo antes de firmar.<\/p>\n","protected":false},"featured_media":8009,"template":"","meta":{"solace_meta_sidebar":"","solace_meta_container":"","solace_meta_enable_content_width":"off","solace_meta_content_width":100,"solace_meta_title_alignment":"","solace_meta_author_avatar":"","solace_post_elements_order":"","solace_meta_disable_header":"","solace_meta_disable_footer":"","solace_meta_disable_title":""},"product_brand":[],"product_cat":[71],"product_tag":[218,121,118,117,173,187,279,85,176],"class_list":{"0":"post-6964","1":"product","2":"type-product","3":"status-publish","4":"has-post-thumbnail","6":"product_cat-cajas-y-estuches","7":"product_tag-cajablanca","8":"product_tag-cajachica","9":"product_tag-cajafina","10":"product_tag-cajapararegalos","11":"product_tag-cajaregalo","12":"product_tag-cajas","13":"product_tag-envoltoriopararegalos","14":"product_tag-multipaq","15":"product_tag-packaging","17":"first","18":"instock","19":"shipping-taxable","20":"purchasable","21":"product-type-simple"},"_links":{"self":[{"href":"https:\/\/www.multipaq.com.ar\/index.php?rest_route=\/wp\/v2\/product\/6964","targetHints":{"allow":["GET"]}}],"collection":[{"href":"https:\/\/www.multipaq.com.ar\/index.php?rest_route=\/wp\/v2\/product"}],"about":[{"href":"https:\/\/www.multipaq.com.ar\/index.php?rest_route=\/wp\/v2\/types\/product"}],"version-history":[{"count":0,"href":"https:\/\/www.multipaq.com.ar\/index.php?rest_route=\/wp\/v2\/product\/6964\/revisions"}],"wp:featuredmedia":[{"embeddable":true,"href":"https:\/\/www.multipaq.com.ar\/index.php?rest_route=\/wp\/v2\/media\/8009"}],"wp:attachment":[{"href":"https:\/\/www.multipaq.com.ar\/index.php?rest_route=%2Fwp%2Fv2%2Fmedia&parent=6964"}],"wp:term":[{"taxonomy":"product_brand","embeddable":true,"href":"https:\/\/www.multipaq.com.ar\/index.php?rest_route=%2Fwp%2Fv2%2Fproduct_brand&post=6964"},{"taxonomy":"product_cat","embeddable":true,"href":"https:\/\/www.multipaq.com.ar\/index.php?rest_route=%2Fwp%2Fv2%2Fproduct_cat&post=6964"},{"taxonomy":"product_tag","embeddable":true,"href":"https:\/\/www.multipaq.com.ar\/index.php?rest_route=%2Fwp%2Fv2%2Fproduct_tag&post=6964"}],"curies":[{"name":"wp","href":"https:\/\/api.w.org\/{rel}","templated":true}]}}