{"id":6892,"date":"2025-12-20T20:39:14","date_gmt":"2025-12-20T23:39:14","guid":{"rendered":"https:\/\/www.multipaq.com.ar\/producto\/simplea0898sobre-c-f-cars-fb3-x-10-unid101sobres-con-fuelle-sin-manija2708\/"},"modified":"2026-04-10T07:48:05","modified_gmt":"2026-04-10T10:48:05","slug":"sobre-c-f-cars-fb3-x-10-unid","status":"publish","type":"product","link":"https:\/\/www.multipaq.com.ar\/?product=sobre-c-f-cars-fb3-x-10-unid","title":{"rendered":"SOBRE C\/F CARS FB3 X10U"},"content":{"rendered":"<p data-start=\"60\" data-end=\"329\">Sobre con fuelle sin manija modelo FB3, ideal para presentar regalos, souvenirs, golosinas y peque\u00f1os productos con una terminaci\u00f3n prolija y llamativa. Su formato con fuelle brinda mayor capacidad, siendo una opci\u00f3n pr\u00e1ctica para packaging de eventos y presentaciones especiales. El dise\u00f1o Cars lo convierte en una alternativa atractiva para regalos infantiles y celebraciones tem\u00e1ticas.<\/p>\n<p data-start=\"440\" data-end=\"519\">\u00bfTen\u00e9s dudas? Click en el Whatsapp de la p\u00e1gina, y respondemos en cuanto antes.<\/p>\n","protected":false},"excerpt":{"rendered":"<p data-start=\"552\" data-end=\"662\">Sobre con fuelle modelo FB3.<br data-start=\"580\" data-end=\"583\" \/>Dise\u00f1o Cars.<br data-start=\"595\" data-end=\"598\" \/>Ideal para regalos, souvenirs y packaging.<br data-start=\"640\" data-end=\"643\" \/>Pack x 10 unidades.<\/p>\n<p data-start=\"664\" data-end=\"821\">Al recibir tu pedido, verific\u00e1 que el embalaje est\u00e9 en condiciones. Si ves el paquete muy golpeado, dejanos una nota en el remito del correo antes de firmar.<\/p>\n","protected":false},"featured_media":7930,"template":"","meta":{"solace_meta_sidebar":"","solace_meta_container":"","solace_meta_enable_content_width":"off","solace_meta_content_width":100,"solace_meta_title_alignment":"","solace_meta_author_avatar":"","solace_post_elements_order":"","solace_meta_disable_header":"","solace_meta_disable_footer":"","solace_meta_disable_title":""},"product_brand":[],"product_cat":[77],"product_tag":[111,260,85,176,216,251],"class_list":{"0":"post-6892","1":"product","2":"type-product","3":"status-publish","4":"has-post-thumbnail","6":"product_cat-con-fuelle-sin-manija","7":"product_tag-bolsaderegalo","8":"product_tag-cars","9":"product_tag-multipaq","10":"product_tag-packaging","11":"product_tag-sobreconfuelle","12":"product_tag-souvenirs","14":"first","15":"instock","16":"shipping-taxable","17":"purchasable","18":"product-type-simple"},"_links":{"self":[{"href":"https:\/\/www.multipaq.com.ar\/index.php?rest_route=\/wp\/v2\/product\/6892","targetHints":{"allow":["GET"]}}],"collection":[{"href":"https:\/\/www.multipaq.com.ar\/index.php?rest_route=\/wp\/v2\/product"}],"about":[{"href":"https:\/\/www.multipaq.com.ar\/index.php?rest_route=\/wp\/v2\/types\/product"}],"version-history":[{"count":0,"href":"https:\/\/www.multipaq.com.ar\/index.php?rest_route=\/wp\/v2\/product\/6892\/revisions"}],"wp:featuredmedia":[{"embeddable":true,"href":"https:\/\/www.multipaq.com.ar\/index.php?rest_route=\/wp\/v2\/media\/7930"}],"wp:attachment":[{"href":"https:\/\/www.multipaq.com.ar\/index.php?rest_route=%2Fwp%2Fv2%2Fmedia&parent=6892"}],"wp:term":[{"taxonomy":"product_brand","embeddable":true,"href":"https:\/\/www.multipaq.com.ar\/index.php?rest_route=%2Fwp%2Fv2%2Fproduct_brand&post=6892"},{"taxonomy":"product_cat","embeddable":true,"href":"https:\/\/www.multipaq.com.ar\/index.php?rest_route=%2Fwp%2Fv2%2Fproduct_cat&post=6892"},{"taxonomy":"product_tag","embeddable":true,"href":"https:\/\/www.multipaq.com.ar\/index.php?rest_route=%2Fwp%2Fv2%2Fproduct_tag&post=6892"}],"curies":[{"name":"wp","href":"https:\/\/api.w.org\/{rel}","templated":true}]}}