{"id":6886,"date":"2025-12-20T20:39:12","date_gmt":"2025-12-20T23:39:12","guid":{"rendered":"https:\/\/www.multipaq.com.ar\/producto\/simplea0840rubi-madera-22x24101bolsa-de-papel-madera390\/"},"modified":"2026-04-04T20:55:09","modified_gmt":"2026-04-04T23:55:09","slug":"rubi-madera-22x24","status":"publish","type":"product","link":"https:\/\/www.multipaq.com.ar\/?product=rubi-madera-22x24","title":{"rendered":"BOLSA DE PAPEL KRAFT MADERA 22X24"},"content":{"rendered":"<p data-start=\"69\" data-end=\"319\">Bolsa de papel color madera, ideal para presentar regalos, productos, souvenirs y compras con una terminaci\u00f3n prolija y natural. Su formato pr\u00e1ctico la convierte en una muy buena opci\u00f3n para packaging comercial y presentaciones simples pero cuidadas. El modelo Rubi aporta una presentaci\u00f3n vers\u00e1til para distintos usos, tanto en locales como en emprendimientos.<\/p>\n<p data-start=\"433\" data-end=\"512\">\u00bfTen\u00e9s dudas? Click en el Whatsapp de la p\u00e1gina, y respondemos en cuanto antes.<\/p>\n","protected":false},"excerpt":{"rendered":"<p data-start=\"545\" data-end=\"652\">Bolsa de papel modelo Rubi.<br data-start=\"572\" data-end=\"575\" \/>Color madera.<br data-start=\"588\" data-end=\"591\" \/>Medida 22&#215;24 cm.<br data-start=\"607\" data-end=\"610\" \/>Ideal para regalos, productos y packaging.<\/p>\n<p data-start=\"654\" data-end=\"811\">Al recibir tu pedido, verific\u00e1 que el embalaje est\u00e9 en condiciones. Si ves el paquete muy golpeado, dejanos una nota en el remito del correo antes de firmar.<\/p>\n","protected":false},"featured_media":7910,"template":"","meta":{"solace_meta_sidebar":"","solace_meta_container":"","solace_meta_enable_content_width":"off","solace_meta_content_width":100,"solace_meta_title_alignment":"","solace_meta_author_avatar":"","solace_post_elements_order":"","solace_meta_disable_header":"","solace_meta_disable_footer":"","solace_meta_disable_title":""},"product_brand":[],"product_cat":[65,79],"product_tag":[184,111,261,85,176],"class_list":{"0":"post-6886","1":"product","2":"type-product","3":"status-publish","4":"has-post-thumbnail","6":"product_cat-bolsas-regalo","7":"product_cat-papel-madera","8":"product_tag-bolsadepapel","9":"product_tag-bolsaderegalo","10":"product_tag-bolsapapelmadera","11":"product_tag-multipaq","12":"product_tag-packaging","14":"first","15":"instock","16":"shipping-taxable","17":"purchasable","18":"product-type-simple"},"_links":{"self":[{"href":"https:\/\/www.multipaq.com.ar\/index.php?rest_route=\/wp\/v2\/product\/6886","targetHints":{"allow":["GET"]}}],"collection":[{"href":"https:\/\/www.multipaq.com.ar\/index.php?rest_route=\/wp\/v2\/product"}],"about":[{"href":"https:\/\/www.multipaq.com.ar\/index.php?rest_route=\/wp\/v2\/types\/product"}],"version-history":[{"count":1,"href":"https:\/\/www.multipaq.com.ar\/index.php?rest_route=\/wp\/v2\/product\/6886\/revisions"}],"predecessor-version":[{"id":7912,"href":"https:\/\/www.multipaq.com.ar\/index.php?rest_route=\/wp\/v2\/product\/6886\/revisions\/7912"}],"wp:featuredmedia":[{"embeddable":true,"href":"https:\/\/www.multipaq.com.ar\/index.php?rest_route=\/wp\/v2\/media\/7910"}],"wp:attachment":[{"href":"https:\/\/www.multipaq.com.ar\/index.php?rest_route=%2Fwp%2Fv2%2Fmedia&parent=6886"}],"wp:term":[{"taxonomy":"product_brand","embeddable":true,"href":"https:\/\/www.multipaq.com.ar\/index.php?rest_route=%2Fwp%2Fv2%2Fproduct_brand&post=6886"},{"taxonomy":"product_cat","embeddable":true,"href":"https:\/\/www.multipaq.com.ar\/index.php?rest_route=%2Fwp%2Fv2%2Fproduct_cat&post=6886"},{"taxonomy":"product_tag","embeddable":true,"href":"https:\/\/www.multipaq.com.ar\/index.php?rest_route=%2Fwp%2Fv2%2Fproduct_tag&post=6886"}],"curies":[{"name":"wp","href":"https:\/\/api.w.org\/{rel}","templated":true}]}}