{"id":6882,"date":"2025-12-20T20:39:10","date_gmt":"2025-12-20T23:39:10","guid":{"rendered":"https:\/\/www.multipaq.com.ar\/producto\/simplea0826tarjeton-blanco-10-x-15-x-50-unidad101tarjetas912\/"},"modified":"2026-04-06T23:01:01","modified_gmt":"2026-04-07T02:01:01","slug":"tarjeton-blanco-10-x-15-x-50-unidad","status":"publish","type":"product","link":"https:\/\/www.multipaq.com.ar\/?product=tarjeton-blanco-10-x-15-x-50-unidad","title":{"rendered":"TARJETON BLANCO 10X15 50U"},"content":{"rendered":"<p data-start=\"63\" data-end=\"271\">Tarjet\u00f3n blanco tama\u00f1o 10&#215;15 cm, ideal para acompa\u00f1ar regalos, souvenirs, invitaciones y presentaciones. Su formato pr\u00e1ctico permite escribir mensajes, dedicatorias o utilizarlo como complemento en packaging. Es una opci\u00f3n vers\u00e1til para eventos, emprendimientos y usos comerciales que requieren una presentaci\u00f3n simple y prolija.<\/p>\n<p data-start=\"395\" data-end=\"474\">\u00bfTen\u00e9s dudas? Click en el Whatsapp de la p\u00e1gina, y respondemos en cuanto antes.<\/p>\n","protected":false},"excerpt":{"rendered":"<p data-start=\"507\" data-end=\"619\">Tarjet\u00f3n color blanco.<br data-start=\"529\" data-end=\"532\" \/>Medida 10&#215;15 cm.<br data-start=\"548\" data-end=\"551\" \/>Ideal para mensajes, invitaciones y packaging.<br data-start=\"597\" data-end=\"600\" \/>Pack x 50 unidades.<\/p>\n<p data-start=\"621\" data-end=\"778\">Al recibir tu pedido, verific\u00e1 que el embalaje est\u00e9 en condiciones. Si ves el paquete muy golpeado, dejanos una nota en el remito del correo antes de firmar.<\/p>\n","protected":false},"featured_media":7957,"template":"","meta":{"solace_meta_sidebar":"","solace_meta_container":"","solace_meta_enable_content_width":"off","solace_meta_content_width":100,"solace_meta_title_alignment":"","solace_meta_author_avatar":"","solace_post_elements_order":"","solace_meta_disable_header":"","solace_meta_disable_footer":"","solace_meta_disable_title":""},"product_brand":[],"product_cat":[67],"product_tag":[272,85,273,271],"class_list":{"0":"post-6882","1":"product","2":"type-product","3":"status-publish","4":"has-post-thumbnail","6":"product_cat-libreria","7":"product_tag-invitaciones","8":"product_tag-multipaq","9":"product_tag-tarjeton","10":"product_tag-tarjetonblanco","12":"first","13":"instock","14":"shipping-taxable","15":"purchasable","16":"product-type-simple"},"_links":{"self":[{"href":"https:\/\/www.multipaq.com.ar\/index.php?rest_route=\/wp\/v2\/product\/6882","targetHints":{"allow":["GET"]}}],"collection":[{"href":"https:\/\/www.multipaq.com.ar\/index.php?rest_route=\/wp\/v2\/product"}],"about":[{"href":"https:\/\/www.multipaq.com.ar\/index.php?rest_route=\/wp\/v2\/types\/product"}],"version-history":[{"count":0,"href":"https:\/\/www.multipaq.com.ar\/index.php?rest_route=\/wp\/v2\/product\/6882\/revisions"}],"wp:featuredmedia":[{"embeddable":true,"href":"https:\/\/www.multipaq.com.ar\/index.php?rest_route=\/wp\/v2\/media\/7957"}],"wp:attachment":[{"href":"https:\/\/www.multipaq.com.ar\/index.php?rest_route=%2Fwp%2Fv2%2Fmedia&parent=6882"}],"wp:term":[{"taxonomy":"product_brand","embeddable":true,"href":"https:\/\/www.multipaq.com.ar\/index.php?rest_route=%2Fwp%2Fv2%2Fproduct_brand&post=6882"},{"taxonomy":"product_cat","embeddable":true,"href":"https:\/\/www.multipaq.com.ar\/index.php?rest_route=%2Fwp%2Fv2%2Fproduct_cat&post=6882"},{"taxonomy":"product_tag","embeddable":true,"href":"https:\/\/www.multipaq.com.ar\/index.php?rest_route=%2Fwp%2Fv2%2Fproduct_tag&post=6882"}],"curies":[{"name":"wp","href":"https:\/\/api.w.org\/{rel}","templated":true}]}}