{"id":6873,"date":"2025-12-20T20:39:06","date_gmt":"2025-12-20T23:39:06","guid":{"rendered":"https:\/\/www.multipaq.com.ar\/producto\/simplea0792caja-negro-grande-21x31x09-x-unidad101cajas-regalo4700\/"},"modified":"2026-04-10T12:12:41","modified_gmt":"2026-04-10T15:12:41","slug":"caja-negro-grande-21x31x09-x-unidad","status":"publish","type":"product","link":"https:\/\/www.multipaq.com.ar\/?product=caja-negro-grande-21x31x09-x-unidad","title":{"rendered":"CAJA REGALO NEGRA GRANDE 21X31X09 CM X1U"},"content":{"rendered":"<p data-start=\"88\" data-end=\"303\">Caja de regalo <span class=\"x1rg5ohu x16dsc37 x19la9d6 x1fc57z9 x6ikm8r x10wlt62 x19co3pv x11tp94h xw4jnvo x1qx5ct2 xfibh0p xiy17q3 x1xsqp64 x1lkfr7t xexx8yu xyri2b x18d9i69 x1c1uobl\"><span class=\"xrtxmta x1bhl96m\">\ud83c\udf81 <\/span><\/span>color negro tama\u00f1o grande, l\u00ednea Premium.\u00a0 <span class=\"x1rg5ohu x16dsc37 x19la9d6 x1fc57z9 x6ikm8r x10wlt62 x19co3pv x11tp94h xw4jnvo x1qx5ct2 xfibh0p xiy17q3 x1xsqp64 x1lkfr7t xexx8yu xyri2b x18d9i69 x1c1uobl\"><span class=\"xrtxmta x1bhl96m\">\ud83d\udc9d <\/span><\/span>Para productos elegantes y de alta gama. Multiuso,\u00a0 permite contener distintos art\u00edculos como ropa, accesorios y sets de regalos, por ej. El color negro <span class=\"x1rg5ohu x16dsc37 x19la9d6 x1fc57z9 x6ikm8r x10wlt62 x19co3pv x11tp94h xw4jnvo x1qx5ct2 xfibh0p xiy17q3 x1xsqp64 x1lkfr7t xexx8yu xyri2b x18d9i69 x1c1uobl\"><span class=\"xrtxmta x1bhl96m\">\u2b1b<\/span><\/span> aporta un estilo sofisticado y vers\u00e1til, adapt\u00e1ndose a todo tipo de ocasiones y marcas que buscan una presentaci\u00f3n profesional. <span class=\"x1rg5ohu x16dsc37 x19la9d6 x1fc57z9 x6ikm8r x10wlt62 x19co3pv x11tp94h xw4jnvo x1qx5ct2 xfibh0p xiy17q3 x1xsqp64 x1lkfr7t xexx8yu xyri2b x18d9i69 x1c1uobl\"><span class=\"xrtxmta x1bhl96m\">\ud83e\udd29<\/span><\/span><\/p>\n<p data-start=\"449\" data-end=\"530\">\u00bfTen\u00e9s dudas? Click en el WhatsApp de la p\u00e1gina, y respondemos en cuanto antes: 381 454 7037<\/p>\n","protected":false},"excerpt":{"rendered":"<p data-start=\"565\" data-end=\"675\">Caja de regalo color negro.<br data-start=\"592\" data-end=\"595\" \/>Medida 21x31x9 cm.<br data-start=\"613\" data-end=\"616\" \/>Ideal para packaging y presentaciones.<br data-start=\"654\" data-end=\"657\" \/>Venta por unidad.<\/p>\n<p data-start=\"677\" data-end=\"836\">Al recibir tu pedido, verific\u00e1 que el embalaje est\u00e9 en condiciones. Si ves el paquete muy golpeado, dejanos una nota en el remito del correo antes de firmar.<\/p>\n","protected":false},"featured_media":8003,"template":"","meta":{"solace_meta_sidebar":"","solace_meta_container":"","solace_meta_enable_content_width":"off","solace_meta_content_width":100,"solace_meta_title_alignment":"","solace_meta_author_avatar":"","solace_post_elements_order":"","solace_meta_disable_header":"","solace_meta_disable_footer":"","solace_meta_disable_title":""},"product_brand":[],"product_cat":[71],"product_tag":[118,293,173,279,85,176],"class_list":{"0":"post-6873","1":"product","2":"type-product","3":"status-publish","4":"has-post-thumbnail","6":"product_cat-cajas-y-estuches","7":"product_tag-cajafina","8":"product_tag-cajanegra","9":"product_tag-cajaregalo","10":"product_tag-envoltoriopararegalos","11":"product_tag-multipaq","12":"product_tag-packaging","14":"first","15":"instock","16":"shipping-taxable","17":"purchasable","18":"product-type-simple"},"_links":{"self":[{"href":"https:\/\/www.multipaq.com.ar\/index.php?rest_route=\/wp\/v2\/product\/6873","targetHints":{"allow":["GET"]}}],"collection":[{"href":"https:\/\/www.multipaq.com.ar\/index.php?rest_route=\/wp\/v2\/product"}],"about":[{"href":"https:\/\/www.multipaq.com.ar\/index.php?rest_route=\/wp\/v2\/types\/product"}],"version-history":[{"count":1,"href":"https:\/\/www.multipaq.com.ar\/index.php?rest_route=\/wp\/v2\/product\/6873\/revisions"}],"predecessor-version":[{"id":8004,"href":"https:\/\/www.multipaq.com.ar\/index.php?rest_route=\/wp\/v2\/product\/6873\/revisions\/8004"}],"wp:featuredmedia":[{"embeddable":true,"href":"https:\/\/www.multipaq.com.ar\/index.php?rest_route=\/wp\/v2\/media\/8003"}],"wp:attachment":[{"href":"https:\/\/www.multipaq.com.ar\/index.php?rest_route=%2Fwp%2Fv2%2Fmedia&parent=6873"}],"wp:term":[{"taxonomy":"product_brand","embeddable":true,"href":"https:\/\/www.multipaq.com.ar\/index.php?rest_route=%2Fwp%2Fv2%2Fproduct_brand&post=6873"},{"taxonomy":"product_cat","embeddable":true,"href":"https:\/\/www.multipaq.com.ar\/index.php?rest_route=%2Fwp%2Fv2%2Fproduct_cat&post=6873"},{"taxonomy":"product_tag","embeddable":true,"href":"https:\/\/www.multipaq.com.ar\/index.php?rest_route=%2Fwp%2Fv2%2Fproduct_tag&post=6873"}],"curies":[{"name":"wp","href":"https:\/\/api.w.org\/{rel}","templated":true}]}}