{"id":6868,"date":"2025-12-20T20:39:04","date_gmt":"2025-12-20T23:39:04","guid":{"rendered":"https:\/\/www.multipaq.com.ar\/producto\/simplea0784flores-acuarelas-36x22x39101bolsa-fantasia6205\/"},"modified":"2026-04-14T17:07:07","modified_gmt":"2026-04-14T20:07:07","slug":"simplea0784flores-acuarelas-36x22x39101bolsa-fantasia6205","status":"publish","type":"product","link":"https:\/\/www.multipaq.com.ar\/?product=simplea0784flores-acuarelas-36x22x39101bolsa-fantasia6205","title":{"rendered":"BOLSA FANTAS\u00cdA FLORES ACUARELAS 36X22X39CM"},"content":{"rendered":"<p data-start=\"91\" data-end=\"331\">Bolsa fantas\u00eda dise\u00f1o flores acuarelas, ideal para presentar regalos y productos con un estilo delicado y art\u00edstico. Su tama\u00f1o 36x22x39 cm la hace amplia y pr\u00e1ctica para contener diversos art\u00edculos como indumentaria, cajas o sets de regalo. El dise\u00f1o floral en estilo acuarela aporta un toque elegante y visualmente atractivo, perfecto para ocasiones especiales o para destacar la presentaci\u00f3n en locales y emprendimientos.<\/p>\n<p data-start=\"517\" data-end=\"598\">\u00bfTen\u00e9s dudas? Click en el Whatsapp de la p\u00e1gina, y respondemos en cuanto antes.<\/p>\n","protected":false},"excerpt":{"rendered":"<p data-start=\"633\" data-end=\"757\">Bolsa fantas\u00eda dise\u00f1o flores acuarelas.<br data-start=\"672\" data-end=\"675\" \/>Medida 36x22x39 cm.<br data-start=\"694\" data-end=\"697\" \/>Ideal para regalos y packaging.<br data-start=\"728\" data-end=\"731\" \/>Dise\u00f1o floral art\u00edstico.<\/p>\n<p data-start=\"759\" data-end=\"918\">Al recibir tu pedido, verific\u00e1 que el embalaje est\u00e9 en condiciones. Si ves el paquete muy golpeado, dejanos una nota en el remito del correo antes de firmar.<\/p>\n","protected":false},"featured_media":7998,"template":"","meta":{"solace_meta_sidebar":"","solace_meta_container":"","solace_meta_enable_content_width":"off","solace_meta_content_width":100,"solace_meta_title_alignment":"","solace_meta_author_avatar":"","solace_post_elements_order":"","solace_meta_disable_header":"","solace_meta_disable_footer":"","solace_meta_disable_title":""},"product_brand":[],"product_cat":[65],"product_tag":[111,244,112,296,85,176],"class_list":{"0":"post-6868","1":"product","2":"type-product","3":"status-publish","4":"has-post-thumbnail","6":"product_cat-bolsas-regalo","7":"product_tag-bolsaderegalo","8":"product_tag-bolsafantasia","9":"product_tag-bolsapararegalo","10":"product_tag-floresacuarelas","11":"product_tag-multipaq","12":"product_tag-packaging","14":"first","15":"instock","16":"shipping-taxable","17":"purchasable","18":"product-type-simple"},"_links":{"self":[{"href":"https:\/\/www.multipaq.com.ar\/index.php?rest_route=\/wp\/v2\/product\/6868","targetHints":{"allow":["GET"]}}],"collection":[{"href":"https:\/\/www.multipaq.com.ar\/index.php?rest_route=\/wp\/v2\/product"}],"about":[{"href":"https:\/\/www.multipaq.com.ar\/index.php?rest_route=\/wp\/v2\/types\/product"}],"version-history":[{"count":0,"href":"https:\/\/www.multipaq.com.ar\/index.php?rest_route=\/wp\/v2\/product\/6868\/revisions"}],"wp:featuredmedia":[{"embeddable":true,"href":"https:\/\/www.multipaq.com.ar\/index.php?rest_route=\/wp\/v2\/media\/7998"}],"wp:attachment":[{"href":"https:\/\/www.multipaq.com.ar\/index.php?rest_route=%2Fwp%2Fv2%2Fmedia&parent=6868"}],"wp:term":[{"taxonomy":"product_brand","embeddable":true,"href":"https:\/\/www.multipaq.com.ar\/index.php?rest_route=%2Fwp%2Fv2%2Fproduct_brand&post=6868"},{"taxonomy":"product_cat","embeddable":true,"href":"https:\/\/www.multipaq.com.ar\/index.php?rest_route=%2Fwp%2Fv2%2Fproduct_cat&post=6868"},{"taxonomy":"product_tag","embeddable":true,"href":"https:\/\/www.multipaq.com.ar\/index.php?rest_route=%2Fwp%2Fv2%2Fproduct_tag&post=6868"}],"curies":[{"name":"wp","href":"https:\/\/api.w.org\/{rel}","templated":true}]}}