{"id":6854,"date":"2025-12-20T20:38:59","date_gmt":"2025-12-20T23:38:59","guid":{"rendered":"https:\/\/www.multipaq.com.ar\/producto\/simplea0732pvc-lisa-azul-35x45-x-50unid101bolsa-plastica-lisa12254\/"},"modified":"2026-04-16T08:05:57","modified_gmt":"2026-04-16T11:05:57","slug":"simplea0732pvc-lisa-azul-35x45-x-50unid101bolsa-plastica-lisa12254","status":"publish","type":"product","link":"https:\/\/www.multipaq.com.ar\/?product=simplea0732pvc-lisa-azul-35x45-x-50unid101bolsa-plastica-lisa12254","title":{"rendered":"BOLSA PL\u00c1STICA PVC LISA AZUL 35X45 X50U"},"content":{"rendered":"<p data-start=\"76\" data-end=\"307\">Bolsa pl\u00e1stica de PVC lisa color azul, ideal para presentar productos, regalos y compras con una terminaci\u00f3n prolija y resistente. Su material flexible y duradero la convierte en una excelente opci\u00f3n para uso comercial y packaging.<\/p>\n<p data-start=\"309\" data-end=\"405\">Es muy utilizada en locales y emprendimientos que buscan una presentaci\u00f3n simple pero funcional.<\/p>\n<p data-start=\"407\" data-end=\"486\">\u00bfTen\u00e9s dudas? Click en el Whatsapp de la p\u00e1gina, y respondemos en cuanto antes.<\/p>\n","protected":false},"excerpt":{"rendered":"<p data-start=\"519\" data-end=\"629\">Bolsa pl\u00e1stica PVC lisa color azul.<br data-start=\"554\" data-end=\"557\" \/>Medida 35&#215;45 cm.<br data-start=\"573\" data-end=\"576\" \/>Material resistente y flexible.<br data-start=\"607\" data-end=\"610\" \/>Pack x 50 unidades.<\/p>\n<p data-start=\"631\" data-end=\"788\">Al recibir tu pedido, verific\u00e1 que el embalaje est\u00e9 en condiciones. Si ves el paquete muy golpeado, dejanos una nota en el remito del correo antes de firmar.<\/p>\n","protected":false},"featured_media":8020,"template":"","meta":{"solace_meta_sidebar":"","solace_meta_container":"","solace_meta_enable_content_width":"off","solace_meta_content_width":100,"solace_meta_title_alignment":"","solace_meta_author_avatar":"","solace_post_elements_order":"","solace_meta_disable_header":"","solace_meta_disable_footer":"","solace_meta_disable_title":""},"product_brand":[],"product_cat":[65],"product_tag":[256,255,85,176],"class_list":{"0":"post-6854","1":"product","2":"type-product","3":"status-publish","4":"has-post-thumbnail","6":"product_cat-bolsas-regalo","7":"product_tag-bolsaplastica","8":"product_tag-bolsapvc","9":"product_tag-multipaq","10":"product_tag-packaging","12":"first","13":"instock","14":"shipping-taxable","15":"purchasable","16":"product-type-simple"},"_links":{"self":[{"href":"https:\/\/www.multipaq.com.ar\/index.php?rest_route=\/wp\/v2\/product\/6854","targetHints":{"allow":["GET"]}}],"collection":[{"href":"https:\/\/www.multipaq.com.ar\/index.php?rest_route=\/wp\/v2\/product"}],"about":[{"href":"https:\/\/www.multipaq.com.ar\/index.php?rest_route=\/wp\/v2\/types\/product"}],"version-history":[{"count":0,"href":"https:\/\/www.multipaq.com.ar\/index.php?rest_route=\/wp\/v2\/product\/6854\/revisions"}],"wp:featuredmedia":[{"embeddable":true,"href":"https:\/\/www.multipaq.com.ar\/index.php?rest_route=\/wp\/v2\/media\/8020"}],"wp:attachment":[{"href":"https:\/\/www.multipaq.com.ar\/index.php?rest_route=%2Fwp%2Fv2%2Fmedia&parent=6854"}],"wp:term":[{"taxonomy":"product_brand","embeddable":true,"href":"https:\/\/www.multipaq.com.ar\/index.php?rest_route=%2Fwp%2Fv2%2Fproduct_brand&post=6854"},{"taxonomy":"product_cat","embeddable":true,"href":"https:\/\/www.multipaq.com.ar\/index.php?rest_route=%2Fwp%2Fv2%2Fproduct_cat&post=6854"},{"taxonomy":"product_tag","embeddable":true,"href":"https:\/\/www.multipaq.com.ar\/index.php?rest_route=%2Fwp%2Fv2%2Fproduct_tag&post=6854"}],"curies":[{"name":"wp","href":"https:\/\/api.w.org\/{rel}","templated":true}]}}