{"id":6840,"date":"2025-12-20T20:38:53","date_gmt":"2025-12-20T23:38:53","guid":{"rendered":"https:\/\/www.multipaq.com.ar\/producto\/simplea0699b-2289-caja-farol-9x9x15-5-c-visor-con-acetato101estuches-pack-group1556\/"},"modified":"2026-04-04T20:55:11","modified_gmt":"2026-04-04T23:55:11","slug":"caja-farol-9x9x15-5-c-visor-de-acetato","status":"publish","type":"product","link":"https:\/\/www.multipaq.com.ar\/?product=caja-farol-9x9x15-5-c-visor-de-acetato","title":{"rendered":"CAJA FAROL 9X9X15.5 C\/ VISOR DE ACETATO"},"content":{"rendered":"<p>Simp\u00e1tico estuche para exhibir el producto. Multiuso, para inspirar a tu imaginaci\u00f3n. Con visor de acetato. Resistente, se vende en dos medidas. Esta que ves aqu\u00ed\u00a0 es la mas grande: 9x9x15,5.<\/p>\n<p>Si tenes alguna duda, nos comunicamos por WhatsApp al +543814547037 y listo. Resuelto!!<\/p>\n","protected":false},"excerpt":{"rendered":"<p>CAJA FAROL GRANDE CON VISOR DE ACETATO.<\/p>\n<p>Al recibir tu pedido, verific\u00e1 que el embalaje est\u00e9 en condiciones. Si ves el paquete muy golpeado, dejanos una nota en el remito del correo antes de firmar.<\/p>\n","protected":false},"featured_media":7971,"template":"","meta":{"solace_meta_sidebar":"","solace_meta_container":"","solace_meta_enable_content_width":"off","solace_meta_content_width":100,"solace_meta_title_alignment":"","solace_meta_author_avatar":"","solace_post_elements_order":"","solace_meta_disable_header":"","solace_meta_disable_footer":"","solace_meta_disable_title":""},"product_brand":[],"product_cat":[71],"product_tag":[121,278,118,117,279,277,85,176,183],"class_list":{"0":"post-6840","1":"product","2":"type-product","3":"status-publish","4":"has-post-thumbnail","6":"product_cat-cajas-y-estuches","7":"product_tag-cajachica","8":"product_tag-cajafarolconvisor","9":"product_tag-cajafina","10":"product_tag-cajapararegalos","11":"product_tag-envoltoriopararegalos","12":"product_tag-estucheconvisor","13":"product_tag-multipaq","14":"product_tag-packaging","15":"product_tag-cajaconvisor","17":"first","18":"instock","19":"shipping-taxable","20":"purchasable","21":"product-type-simple"},"_links":{"self":[{"href":"https:\/\/www.multipaq.com.ar\/index.php?rest_route=\/wp\/v2\/product\/6840","targetHints":{"allow":["GET"]}}],"collection":[{"href":"https:\/\/www.multipaq.com.ar\/index.php?rest_route=\/wp\/v2\/product"}],"about":[{"href":"https:\/\/www.multipaq.com.ar\/index.php?rest_route=\/wp\/v2\/types\/product"}],"version-history":[{"count":1,"href":"https:\/\/www.multipaq.com.ar\/index.php?rest_route=\/wp\/v2\/product\/6840\/revisions"}],"predecessor-version":[{"id":7972,"href":"https:\/\/www.multipaq.com.ar\/index.php?rest_route=\/wp\/v2\/product\/6840\/revisions\/7972"}],"wp:featuredmedia":[{"embeddable":true,"href":"https:\/\/www.multipaq.com.ar\/index.php?rest_route=\/wp\/v2\/media\/7971"}],"wp:attachment":[{"href":"https:\/\/www.multipaq.com.ar\/index.php?rest_route=%2Fwp%2Fv2%2Fmedia&parent=6840"}],"wp:term":[{"taxonomy":"product_brand","embeddable":true,"href":"https:\/\/www.multipaq.com.ar\/index.php?rest_route=%2Fwp%2Fv2%2Fproduct_brand&post=6840"},{"taxonomy":"product_cat","embeddable":true,"href":"https:\/\/www.multipaq.com.ar\/index.php?rest_route=%2Fwp%2Fv2%2Fproduct_cat&post=6840"},{"taxonomy":"product_tag","embeddable":true,"href":"https:\/\/www.multipaq.com.ar\/index.php?rest_route=%2Fwp%2Fv2%2Fproduct_tag&post=6840"}],"curies":[{"name":"wp","href":"https:\/\/api.w.org\/{rel}","templated":true}]}}